the prime factors of 240306.
2, 3, 11, 331
What are the prime factors of 1174121?
13, 37, 2441
What are the prime factors of 398441?
398441
List the prime factors of 18699.
3, 23, 271
What are the prime factors of 21271?
89, 239
List the prime factors of 255958.
2, 127979
What are the prime factors of 105990?
2, 3, 5, 3533
List the prime factors of 24132128.
2, 19, 2089
What are the prime factors of 14508661?
14508661
What are the prime factors of 41095?
5, 8219
What are the prime factors of 2654727?
3, 181, 4889
List the prime factors of 800126.
2, 229, 1747
What are the prime factors of 213050?
2, 5, 4261
List the prime factors of 7807135.
5, 7, 223061
List the prime factors of 515691.
3, 11, 5209
List the prime factors of 20253154.
2, 17, 373, 1597
List the prime factors of 161543.
161543
What are the prime factors of 226480?
2, 5, 19, 149
What are the prime factors of 3248197?
3248197
What are the prime factors of 4974448?
2, 41, 7583
What are the prime factors of 4069526?
2, 241, 8443
List the prime factors of 1182097.
7, 47, 3593
What are the prime factors of 244590?
2, 3, 5, 31, 263
What are the prime factors of 536971?
536971
What are the prime factors of 217790?
2, 5, 29, 751
List the prime factors of 41627801.
41627801
What are the prime factors of 5674533?
3, 71, 26641
List the prime factors of 827466.
2, 3, 137911
List the prime factors of 631991.
631991
List the prime factors of 399860.
2, 5, 19993
List the prime factors of 7824424.
2, 978053
What are the prime factors of 26338272?
2, 3, 274357
List the prime factors of 231238.
2, 7, 83, 199
List the prime factors of 6918079.
7, 988297
What are the prime factors of 3107351?
13, 239027
List the prime factors of 123531.
3, 41177
What are the prime factors of 1412390?
2, 5, 7, 20177
What are the prime factors of 5060214?
2, 3, 73, 3851
List the prime factors of 2146106.
2, 1073053
List the prime factors of 591241.
7, 84463
List the prime factors of 56223.
3, 6247
What are the prime factors of 451091?
317, 1423
List the prime factors of 11291776.
2, 19, 4643
List the prime factors of 23861791.
1021, 23371
What are the prime factors of 7002809?
11, 636619
What are the prime factors of 12924186?
2, 3, 11, 59, 3319
List the prime factors of 196417.
13, 29, 521
What are the prime factors of 590661?
3, 65629
What are the prime factors of 19630380?
2, 3, 5, 7, 11, 607
List the prime factors of 1257679.
151, 8329
List the prime factors of 12892487.
12892487
List the prime factors of 652358.
2, 7, 17, 2741
What are the prime factors of 1176044?
2, 41, 71, 101
What are the prime factors of 125608?
2, 7, 2243
List the prime factors of 3716555.
5, 79, 97
List the prime factors of 62535.
3, 5, 11, 379
List the prime factors of 279785.
5, 11, 5087
What are the prime factors of 66789?
3, 41, 181
List the prime factors of 903072.
2, 3, 23, 409
List the prime factors of 865342.
2, 73, 5927
What are the prime factors of 69330?
2, 3, 5, 2311
List the prime factors of 629961.
3, 209987
List the prime factors of 8709399.
3, 239, 4049
What are the prime factors of 47463?
3, 13, 1217
List the prime factors of 19310945.
5, 3862189
List the prime factors of 15758.
2, 7879
List the prime factors of 389349.
3, 43261
What are the prime factors of 2239023?
3, 149, 5009
What are the prime factors of 13430283?
3, 19, 12401
List the prime factors of 2106760.
2, 5, 31, 1699
List the prime factors of 16417059.
3, 757, 7229
What are the prime factors of 25306?
2, 12653
List the prime factors of 16491040.
2, 5, 103069
List the prime factors of 153353.
153353
List the prime factors of 1378939.
113, 12203
What are the prime factors of 6310416?
2, 3, 7, 2683
What are the prime factors of 406610?
2, 5, 73, 557
What are the prime factors of 2925981?
3, 19, 71, 241
What are the prime factors of 174745?
5, 34949
List the prime factors of 146109.
3, 113, 431
What are the prime factors of 204751?
204751
List the prime factors of 311217.
3, 227, 457
List the prime factors of 179773.
11, 59, 277
What are the prime factors of 310653?
3, 7, 4931
List the prime factors of 2011050.
2, 3, 5, 41, 109
List the prime factors of 878943.
3, 13, 31, 727
List the prime factors of 12971047.
41, 257, 1231
List the prime factors of 45861.
3, 15287
List the prime factors of 3165145.
5, 17, 23, 1619
What are the prime factors of 204459?
3, 17, 19, 211
List the prime factors of 3146872.
2, 31, 12689
List the prime factors of 21401696.
2, 668803
What are the prime factors of 1718014?
2, 67, 12821
List the prime factors of 4179760.
2, 5, 13, 4019
What are the prime factors of 386443?
601, 643
What are the prime factors of 434145?
3, 5, 103, 281
What are the prime factors of 96181?
96181
What are the prime factors of 7737?
3, 2579
List the prime factors of 870354.
2, 3, 48353
List the prime factors of 7865806.
2, 13, 71, 4261
What are the prime factors of 185886?
2, 3, 23, 449
What are the prime factors of 776320?
2, 5, 1213
List the prime factors of 161761.
161761
List the prime factors of 994005.
3, 5, 37, 199
What are the prime factors of 40287?
3, 13, 1033
List the prime factors of 1002737.
37, 41, 661
What are the prime factors of 2947619?
509, 5791
List the prime factors of 1740042.
2, 3, 23, 467
What are the prime factors of 301733?
17, 17749
What are the prime factors of 596939?
7, 53, 1609
List the prime factors of 181882.
2, 211, 431
What are the prime factors of 675057?
3, 43, 5233
List the prime factors of 1626955.
5, 11, 29581
What are the prime factors of 853172?
2, 263, 811
List the prime factors of 109507.
109507
List the prime factors of 1038564.
2, 3, 17, 1697
What are the prime factors of 1592580?
2, 3, 5, 11, 19, 127
What are the prime factors of 405699?
3, 7, 19319
What are the prime factors of 17152?
2, 67
List the prime factors of 3647265.
3, 5, 17, 14303
List the prime factors of 416536.
2, 52067
List the prime factors of 347475.
3, 5, 41, 113
What are the prime factors of 1423839?
3, 131, 3623
What are the prime factors of 3934858?
2, 1967429
What are the prime factors of 166737?
3, 55579
What are the prime factors of 123696?
2, 3, 859
List the prime factors of 5631960.
2, 3, 5, 46933
List the prime factors of 991091.
991091
List the prime factors of 1996901.
1996901
What are the prime factors of 4646011?
283, 16417
What are the prime factors of 40641?
3, 19, 23, 31
List the prime factors of 646536.
2, 3, 11, 31, 79
What are the prime factors of 7902860?
2, 5, 7, 19, 2971
What are the prime factors of 1006814?
2, 503407
List the prime factors of 11026245.
3, 5, 735083
What are the prime factors of 684576?
2, 3, 2377
List the prime factors of 11164138.
2, 17, 328357
List the prime factors of 696926.
2, 348463
List the prime factors of 3196019.
1439, 2221
List the prime factors of 4458125.
5, 7, 1019
What are the prime factors of 1550967?
3, 11, 43, 1093
List the prime factors of 919452.
2, 3, 193, 397
List the prime factors of 1563936.
2, 3, 11, 1481
List the prime factors of 1690738.
2, 7, 120767
List the prime factors of 184481.
11, 31, 541
List the prime factors of 124764.
2, 3, 37, 281
What are the prime factors of 286518?
2, 3, 17, 53
List the prime factors of 17860648.
2, 13, 199, 863
List the prime factors of 772243.
643, 1201
What are the prime factors of 1375661?
7, 196523
List the prime factors of 910270.
2, 5, 227, 401
List the prime factors of 5774964.
2, 3, 13, 37019
List the prime factors of 6576416.
2, 7, 11, 17, 157
List the prime factors of 262455.
3, 5, 17497
What are the prime factors of 5504669?
5504669
List the prime factors of 2928032.
2, 37, 2473
List the prime factors of 16029016.
2, 2003627
List the prime factors of 11733754.
2, 19, 43, 167
List the prime factors of 472284.
2, 3, 4373
List the prime factors of 2510117.
37, 179, 379
List the prime factors of 1539340.
2, 5, 11, 6997
What are the prime factors of 1941253?
1941253
List the prime factors of 21591.
3, 2399
List the prime factors of 270978.
2, 3, 19, 2377
What are the prime factors of 2592223?
29, 89387
What are the prime factors of 4971158?
2, 2485579
What are the prime factors of 888023?
109, 8147
What are the prime factors of 3891439?
23, 71, 2383
What are the prime factors of 20187932?
2, 5046983
List the prime factors of 4619443.
46